{"id":243,"date":"2023-10-24T10:58:45","date_gmt":"2023-10-24T08:58:45","guid":{"rendered":"https:\/\/ceipalcalavenceslada.es\/?page_id=243"},"modified":"2023-11-29T11:00:35","modified_gmt":"2023-11-29T10:00:35","slug":"lomloe-criterios-de-evaluacion-y-saberes-basicos","status":"publish","type":"page","link":"https:\/\/ceipalcalavenceslada.es\/?page_id=243","title":{"rendered":"LOMLOE Criterios de evaluaci\u00f3n y Saberes b\u00e1sicos"},"content":{"rendered":"\n<div class=\"wp-block-group is-vertical is-layout-flex wp-container-18 wp-block-group-is-layout-flex\">\n<div class=\"wp-block-group is-nowrap is-layout-flex wp-container-3 wp-block-group-is-layout-flex\">\n<div style=\"height:100px;width:100px\" aria-hidden=\"true\" class=\"wp-block-spacer wp-container-content-1\"><\/div>\n\n\n\n<p>La nueva normativa LOMLOE para la Ed. Primaria recogida en el Decreto 101\/2023 establece las competencias espec\u00edficas, criterios de evaluaci\u00f3n y saberes b\u00e1sicos. Aqu\u00ed pueden consultarse por \u00e1reas:<\/p>\n\n\n\n<div style=\"height:100px;width:100px\" aria-hidden=\"true\" class=\"wp-block-spacer wp-container-content-2\"><\/div>\n<\/div>\n\n\n\n<div class=\"wp-block-group is-nowrap is-layout-flex wp-container-10 wp-block-group-is-layout-flex\">\n<div style=\"height:100px;width:100px\" aria-hidden=\"true\" class=\"wp-block-spacer wp-container-content-4\"><\/div>\n\n\n\n<div class=\"wp-block-group is-vertical is-content-justification-center is-layout-flex wp-container-5 wp-block-group-is-layout-flex\">\n<h5 class=\"wp-block-heading\">Educaci\u00f3n F\u00edsica<\/h5>\n\n\n\n<figure class=\"wp-block-image size-large is-resized is-style-rounded\"><a href=\"https:\/\/drive.google.com\/file\/d\/1uSroGk50K8Y-wPCM4U5qylkFl3dSEouT\/view\" target=\"_blank\" rel=\"noreferrer noopener\"><img decoding=\"async\" src=\"https:\/\/img.freepik.com\/foto-gratis\/composicion-deportiva-naturaleza-muerta-vista-superior_23-2149006372.jpg?w=1060&amp;t=st=1698136232~exp=1698136832~hmac=d03688ec3a28873f3455ffcfe73a77d1bb83f6b63c9b092d091a05d59c98693c\" alt=\"\" style=\"aspect-ratio:1.501416430594901;width:715px;height:auto\"\/><\/a><\/figure>\n<\/div>\n\n\n\n<div class=\"wp-block-group is-vertical is-content-justification-center is-layout-flex wp-container-6 wp-block-group-is-layout-flex\">\n<h5 class=\"wp-block-heading\">Matem\u00e1ticas<\/h5>\n\n\n\n<figure class=\"wp-block-image size-large is-resized is-style-rounded\"><a href=\"https:\/\/drive.google.com\/file\/d\/1N_w_n-FpcwGK6cz7JmosPtmz-QpSzK1E\/view\" target=\"_blank\" rel=\"noreferrer noopener\"><img decoding=\"async\" src=\"https:\/\/img.freepik.com\/foto-gratis\/composicion-utiles-escolares-vista-superior_23-2148913532.jpg?w=996&amp;t=st=1698136472~exp=1698137072~hmac=d28cf98f331612948b4aef11d45ec716679a4513eb7b165403376c78edb7e39a\" alt=\"\" style=\"aspect-ratio:1.501416430594901;width:715px;height:auto\"\/><\/a><\/figure>\n<\/div>\n\n\n\n<div class=\"wp-block-group is-vertical is-content-justification-center is-layout-flex wp-container-7 wp-block-group-is-layout-flex\">\n<h6 class=\"wp-block-heading has-text-align-center\">Lengua Castellana y Literatura<\/h6>\n\n\n\n<figure class=\"wp-block-image size-large is-resized is-style-rounded\"><a href=\"https:\/\/drive.google.com\/file\/d\/1C13dNAXsFgQ5MpzyDr__oXg7dNMR5VgL\/view\" target=\"_blank\" rel=\"noreferrer noopener\"><img decoding=\"async\" src=\"https:\/\/img.freepik.com\/foto-gratis\/dados-madera-letras-paginas-libro_114579-87209.jpg?w=1060&amp;t=st=1698136698~exp=1698137298~hmac=c7964ed201f3ddc8989a2838c4c561e4f8953edb20b7e58e378a57c409223daf\" alt=\"\" style=\"aspect-ratio:1.501416430594901;width:715px;height:auto\"\/><\/a><\/figure>\n<\/div>\n\n\n\n<div class=\"wp-block-group is-vertical is-content-justification-center is-layout-flex wp-container-8 wp-block-group-is-layout-flex\">\n<h5 class=\"wp-block-heading has-text-align-center\">Conocimiento del Medio<\/h5>\n\n\n\n<figure class=\"wp-block-image size-large is-resized is-style-rounded\"><a href=\"https:\/\/drive.google.com\/file\/d\/1rZG2ISL3IDCAr1XXaKt2is21nlJxCybM\/view\" target=\"_blank\" rel=\"noreferrer noopener\"><img decoding=\"async\" src=\"https:\/\/img.freepik.com\/foto-gratis\/mini-globo-encima-pila-libros-texto_23-2148199824.jpg?w=996&amp;t=st=1698137091~exp=1698137691~hmac=3f667267d6cb662275d9be2fce95a629587e642dd323fde831a2bb3f6bb6d50e\" alt=\"\" style=\"aspect-ratio:1.501416430594901;width:715px;height:auto\"\/><\/a><\/figure>\n<\/div>\n\n\n\n<div style=\"height:100px;width:100px\" aria-hidden=\"true\" class=\"wp-block-spacer wp-container-content-9\"><\/div>\n<\/div>\n\n\n\n<div style=\"height:30px\" aria-hidden=\"true\" class=\"wp-block-spacer wp-container-content-11\"><\/div>\n\n\n\n<div class=\"wp-block-group is-nowrap is-layout-flex wp-container-17 wp-block-group-is-layout-flex\">\n<div style=\"height:100px;width:333px\" aria-hidden=\"true\" class=\"wp-block-spacer wp-container-content-12\"><\/div>\n\n\n\n<div class=\"wp-block-group is-vertical is-content-justification-center is-layout-flex wp-container-13 wp-block-group-is-layout-flex\">\n<h5 class=\"wp-block-heading has-text-align-center\">Valores C\u00edvicos y Sociales<\/h5>\n\n\n\n<figure class=\"wp-block-image size-large is-resized is-style-rounded\"><a href=\"https:\/\/drive.google.com\/file\/d\/1X7Z85F8i_qMf04hBowqu5ZoB-5Nj0r2e\/view\" target=\"_blank\" rel=\"noreferrer noopener\"><img decoding=\"async\" src=\"https:\/\/img.freepik.com\/foto-gratis\/globo-terraqueo-estilo-papel-manos_23-2149377742.jpg?w=1060&amp;t=st=1698137246~exp=1698137846~hmac=aa98ea39610a95805eeffa3524ce01e80f02e751e8e944802b1dbce528e1d2c1\" alt=\"\" style=\"aspect-ratio:1.501416430594901;width:715px;height:auto\"\/><\/a><\/figure>\n<\/div>\n\n\n\n<div class=\"wp-block-group is-vertical is-content-justification-center is-layout-flex wp-container-14 wp-block-group-is-layout-flex\">\n<h5 class=\"wp-block-heading has-text-align-center\">1\u00aa y 2\u00aa Lengua Extranjera<\/h5>\n\n\n\n<figure class=\"wp-block-image size-large is-resized is-style-rounded\"><a href=\"https:\/\/drive.google.com\/file\/d\/1CKxSPFUO9dv9H7hL4_0hb7bWTdaG2NgJ\/view\" target=\"_blank\" rel=\"noreferrer noopener\"><img decoding=\"async\" src=\"https:\/\/img.freepik.com\/foto-gratis\/pilas-libros-ingles-mesa-espacio-trabajo_23-2149429570.jpg?w=1060&amp;t=st=1698138155~exp=1698138755~hmac=e2d6864423d607a1b9a4743f16c819f3bf78f4c8ed63023018cc20debd724ca5\" alt=\"\" style=\"aspect-ratio:1.501416430594901;width:715px;height:auto\"\/><\/a><\/figure>\n<\/div>\n\n\n\n<div class=\"wp-block-group is-vertical is-content-justification-center is-layout-flex wp-container-15 wp-block-group-is-layout-flex\">\n<h5 class=\"wp-block-heading has-text-align-center\">Educaci\u00f3n Art\u00edstica<\/h5>\n\n\n\n<figure class=\"wp-block-image size-large is-resized is-style-rounded\"><a href=\"https:\/\/drive.google.com\/file\/d\/1HWn-ZrNgzhnKcoKStO__Ko_Uk48lU94v\/view\" target=\"_blank\" rel=\"noreferrer noopener\"><img decoding=\"async\" src=\"https:\/\/img.freepik.com\/foto-gratis\/vista-superior-elementos-orientacion-profesional-disenadores_23-2149443524.jpg?w=1060&amp;t=st=1698138233~exp=1698138833~hmac=c29cf2d6cb4ccd093623067f8d4a1851725f360c4c6787dce472d36d3668f679\" alt=\"\" style=\"aspect-ratio:1.501416430594901;width:715px;height:auto\"\/><\/a><\/figure>\n<\/div>\n\n\n\n<div style=\"height:100px;width:333px\" aria-hidden=\"true\" class=\"wp-block-spacer wp-container-content-16\"><\/div>\n<\/div>\n<\/div>\n","protected":false},"excerpt":{"rendered":"<p>La nueva normativa LOMLOE para la Ed. Primaria recogida en el Decreto 101\/2023 establece las competencias espec\u00edficas, criterios de evaluaci\u00f3n y saberes b\u00e1sicos. Aqu\u00ed pueden consultarse por \u00e1reas: Educaci\u00f3n F\u00edsica Matem\u00e1ticas Lengua Castellana y Literatura Conocimiento del Medio Valores C\u00edvicos y Sociales 1\u00aa y 2\u00aa Lengua Extranjera Educaci\u00f3n Art\u00edstica<\/p>\n","protected":false},"author":1,"featured_media":0,"parent":0,"menu_order":0,"comment_status":"closed","ping_status":"closed","template":"","meta":{"footnotes":""},"blocksy_meta":[],"_links":{"self":[{"href":"https:\/\/ceipalcalavenceslada.es\/index.php?rest_route=\/wp\/v2\/pages\/243"}],"collection":[{"href":"https:\/\/ceipalcalavenceslada.es\/index.php?rest_route=\/wp\/v2\/pages"}],"about":[{"href":"https:\/\/ceipalcalavenceslada.es\/index.php?rest_route=\/wp\/v2\/types\/page"}],"author":[{"embeddable":true,"href":"https:\/\/ceipalcalavenceslada.es\/index.php?rest_route=\/wp\/v2\/users\/1"}],"replies":[{"embeddable":true,"href":"https:\/\/ceipalcalavenceslada.es\/index.php?rest_route=%2Fwp%2Fv2%2Fcomments&post=243"}],"version-history":[{"count":18,"href":"https:\/\/ceipalcalavenceslada.es\/index.php?rest_route=\/wp\/v2\/pages\/243\/revisions"}],"predecessor-version":[{"id":941,"href":"https:\/\/ceipalcalavenceslada.es\/index.php?rest_route=\/wp\/v2\/pages\/243\/revisions\/941"}],"wp:attachment":[{"href":"https:\/\/ceipalcalavenceslada.es\/index.php?rest_route=%2Fwp%2Fv2%2Fmedia&parent=243"}],"curies":[{"name":"wp","href":"https:\/\/api.w.org\/{rel}","templated":true}]}}