{"id":424,"date":"2023-10-30T12:47:52","date_gmt":"2023-10-30T11:47:52","guid":{"rendered":"https:\/\/ceipalcalavenceslada.es\/?page_id=424"},"modified":"2025-11-11T12:36:19","modified_gmt":"2025-11-11T11:36:19","slug":"consejo-escolar","status":"publish","type":"page","link":"https:\/\/ceipalcalavenceslada.es\/?page_id=424","title":{"rendered":"Consejo Escolar"},"content":{"rendered":"\n<div style=\"height:36px\" aria-hidden=\"true\" class=\"wp-block-spacer\"><\/div>\n\n\n\n<div class=\"wp-block-group has-border-color has-palette-color-8-background-color has-background is-vertical is-content-justification-stretch is-layout-flex wp-container-8 wp-block-group-is-layout-flex\" style=\"border-color:#9c3ea5;border-width:5px;border-radius:10px\">\n<h3 class=\"wp-block-heading has-large-font-size is-layout-flow wp-block-heading-is-layout-flow\" style=\"padding-top:0;padding-right:0;padding-bottom:0;padding-left:0\">Consejo Escolar<\/h3>\n\n\n\n<h5 class=\"wp-block-heading\">Equipo directivo<\/h5>\n\n\n\n<figure class=\"wp-block-table is-style-stripes has-small-font-size is-layout-flow wp-block-table-is-layout-flow\"><table class=\"has-background has-border-color has-fixed-layout\" style=\"background-color:#affbc5;border-color:#75d391;border-width:5px\"><tbody><tr><td>L\u00f3pez Exp\u00f3sito, Libertad<\/td><td>Directora<\/td><\/tr><tr><td>Serna Mart\u00ednez, Lidia<\/td><td>Jefa de Estudios<\/td><\/tr><tr><td>Castillo Vizca\u00edno, Mar\u00eda Isabel<\/td><td>Secretaria<\/td><\/tr><\/tbody><\/table><\/figure>\n\n\n\n<h5 class=\"wp-block-heading\">Profesorado<\/h5>\n\n\n\n<figure class=\"wp-block-table is-style-stripes has-small-font-size is-layout-flow wp-block-table-is-layout-flow\"><table class=\"has-background has-border-color has-fixed-layout\" style=\"background-color:#affbc5;border-color:#75d391;border-width:5px\"><tbody><tr><td class=\"has-text-align-left\" data-align=\"left\">Mariscal Hern\u00e1ndez, Virginia<\/td><td>02\/12\/2024<\/td><\/tr><tr><td class=\"has-text-align-left\" data-align=\"left\">Rodr\u00edguez Delgado Esa\u00fa<\/td><td>02\/12\/2024<\/td><\/tr><tr><td class=\"has-text-align-left\" data-align=\"left\">Melero Cano, Mar\u00eda Jes\u00fas<\/td><td>02\/12\/2024<\/td><\/tr><tr><td class=\"has-text-align-left\" data-align=\"left\">Mena Guti\u00e9rrez, Mar\u00eda Dolores<\/td><td>02\/12\/2024<\/td><\/tr><tr><td class=\"has-text-align-left\" data-align=\"left\">Trinidad Guti\u00e9rrez Sanjuan<\/td><td>09\/09\/2025<\/td><\/tr><\/tbody><\/table><\/figure>\n\n\n\n<h5 class=\"wp-block-heading\">Familias<\/h5>\n\n\n\n<figure class=\"wp-block-table is-style-stripes has-small-font-size is-layout-flow wp-block-table-is-layout-flow\"><table class=\"has-background has-border-color has-fixed-layout\" style=\"background-color:#affbc5;border-color:#75d391;border-width:5px\"><tbody><tr><td class=\"has-text-align-left\" data-align=\"left\"> L\u00f3pez Mart\u00ednez , Noelia ( Representante AMPA)<\/td><td>02\/12\/2024<\/td><\/tr><tr><td class=\"has-text-align-left\" data-align=\"left\">Bravo Santiago, Francisco Javier<\/td><td>02\/12\/2024<\/td><\/tr><tr><td class=\"has-text-align-left\" data-align=\"left\">Colomo Jim\u00e9nez, Mar\u00eda Jos\u00e9 <\/td><td>02\/12\/2024<\/td><\/tr><tr><td class=\"has-text-align-left\" data-align=\"left\">Cumbrero Mur, Mar\u00eda Victoria <\/td><td>02\/12\/2024<\/td><\/tr><tr><td class=\"has-text-align-left\" data-align=\"left\">S\u00e1enz Pajares, Carmen Victoria<\/td><td>02\/12\/2024<\/td><\/tr><\/tbody><\/table><\/figure>\n\n\n\n<h5 class=\"wp-block-heading\">Personal Adm\u00f3n. y Servicios<\/h5>\n\n\n\n<figure class=\"wp-block-table is-style-stripes has-small-font-size is-layout-flow wp-block-table-is-layout-flow\"><table class=\"has-background has-border-color has-fixed-layout\" style=\"background-color:#affbc5;border-color:#75d391;border-width:5px\"><tbody><tr><td class=\"has-text-align-left\" data-align=\"left\">C\u00f3rdoba Lamelas, Jos\u00e9 Luis<\/td><td>02\/12\/2024<\/td><\/tr><\/tbody><\/table><\/figure>\n\n\n\n<h5 class=\"wp-block-heading\">Ayuntamiento<\/h5>\n\n\n\n<figure class=\"wp-block-table is-style-stripes has-small-font-size is-layout-flow wp-block-table-is-layout-flow\"><table class=\"has-background has-border-color has-fixed-layout\" style=\"background-color:#affbc5;border-color:#75d391;border-width:5px\"><tbody><tr><td class=\"has-text-align-left\" data-align=\"left\">\u00c1lvaro Maga\u00f1a, In\u00e9s<\/td><td>(CONCEJAL O REPRESENTANTE DEL AYUNTAMIENTO)<\/td><\/tr><\/tbody><\/table><\/figure>\n\n\n\n<h5 class=\"wp-block-heading\">Personal de Atenci\u00f3n educativa<\/h5>\n\n\n\n<figure class=\"wp-block-table is-style-stripes has-small-font-size is-layout-flow wp-block-table-is-layout-flow\"><table class=\"has-background has-border-color has-fixed-layout\" style=\"background-color:#affbc5;border-color:#75d391;border-width:5px\"><tbody><tr><td class=\"has-text-align-left\" data-align=\"left\">Mart\u00ednez Ruiz, Mar\u00eda \u00c1ngeles<\/td><td>02\/12\/2024<\/td><\/tr><\/tbody><\/table><\/figure>\n\n\n\n<p><strong>COMISIONES DEL CONSEJO ESCOLAR<\/strong><\/p>\n\n\n\n<p><mark style=\"background-color:var(--theme-palette-color-1, #2872fa)\" class=\"has-inline-color has-palette-color-5-color\">Comisi\u00f3n Permanente<\/mark>: Directora: D\u00f1a. Libertad L\u00f3pez, jefa de estudios: D\u00f1a. Lidia Serna MArt\u00ednez, secretaria: D\u00f1a. Mar\u00eda Isabel Castillo Vizca\u00edno. Representante del profesorado: D\u00f1a. Mar\u00eda Dolores Mena. Representante padres y madres: D\u00f1a. Mar\u00eda Victoria Cumbrero. Representante de Administraci\u00f3n y Servicios: D. Jos\u00e9 Luis C\u00f3rdoba<\/p>\n\n\n\n<p><mark style=\"background-color:var(--theme-palette-color-1, #2872fa)\" class=\"has-inline-color has-palette-color-5-color\">Comisi\u00f3n de Convivencia<\/mark>: Directora: D\u00f1a. Libertad L\u00f3pez, jefe de estudios: D. Lidia Serna MArt\u00ednez, secretaria: D\u00f1a. Mar\u00eda Isabel CAstillo Vizca\u00edno. Representantes del profesorado: D\u00f1a. Mar\u00eda Jes\u00fas Melero, Representantes padres y madres: D\u00f1a. Carmen Victoria S\u00e1enz, D\u00f1a. Mar\u00eda Jos\u00e9 Colomo, D. Francisco Javier Bravo. Representante de Personal Atenci\u00f3n Educativa: D\u00f1a. Mar\u00eda \u00c1ngeles Mart\u00ednez.<\/p>\n\n\n\n<p><mark style=\"background-color:var(--theme-palette-color-1, #2872fa)\" class=\"has-inline-color has-palette-color-5-color\">Comisi\u00f3n de Autoevaluaci\u00f3n<\/mark>: Directora: D\u00f1a. Libertad L\u00f3pez, jefa de estudios: D\u00f1a. Lidia Serna MArt\u00ednez, secretaria: Mar\u00eda Isabel Castillo Vizca\u00edno. Representante del profesorado: D\u00f1a. Virginia Mariscal. Representante padres y madres: D\u00f1a. Noelia L\u00f3pez<\/p>\n\n\n\n<p><mark style=\"background-color:var(--theme-palette-color-1, #2872fa)\" class=\"has-inline-color has-palette-color-5-color\">Comisi\u00f3n de Salud y Riesgos Laborales<\/mark>: Directora: D\u00f1a. Libertad L\u00f3pez, jefa de estudios D\u00f1a. Lidia Serna MArt\u00ednez : , secretaria: Mar\u00eda Isabel CAstillo Vizca\u00edno Representante del profesorado:D. Esa\u00fa Rodr\u00edguez. Representantes padres y madres: D. Francisco Javier Bravo, D\u00f1a. Mar\u00eda Victoria Cumbrero. Representante de Administraci\u00f3n y Servicios: D. Jos\u00e9 Luis C\u00f3rdoba. Representante del Ayuntamiento: D\u00f1a. In\u00e9s \u00c1lvaro. Enfermero\/a de referencia<\/p>\n\n\n\n<p><mark style=\"background-color:var(--theme-palette-color-1, #2872fa)\" class=\"has-inline-color has-palette-color-5-color\">Comisi\u00f3n seguimiento del Comedor<\/mark>: Directora: D\u00f1a. Libertad L\u00f3pez, jefa de estudios: D\u00f1a. Lidia Serna MArt\u00ednez, secretaria: Mar\u00eda Isabel Castillo Vizca\u00edno. : . Representante del profesorado: D\u00f1a. Mar\u00eda Jes\u00fas Melero. Representantes padres y madres: D\u00f1a. Mar\u00eda Jos\u00e9 Colomo, D\u00f1a. Noelia L\u00f3pez. Representante de Personal Atenci\u00f3n Educativa: D\u00f1a. Mar\u00eda \u00c1ngeles Mart\u00ednez.<\/p>\n\n\n\n<p><\/p>\n<\/div>\n\n\n\n<div style=\"height:36px\" aria-hidden=\"true\" class=\"wp-block-spacer\"><\/div>\n","protected":false},"excerpt":{"rendered":"<p>Consejo Escolar Equipo directivo L\u00f3pez Exp\u00f3sito, Libertad Directora Serna Mart\u00ednez, Lidia Jefa de Estudios Castillo Vizca\u00edno, Mar\u00eda Isabel Secretaria Profesorado Mariscal Hern\u00e1ndez, Virginia 02\/12\/2024 Rodr\u00edguez Delgado Esa\u00fa 02\/12\/2024 Melero Cano, Mar\u00eda Jes\u00fas 02\/12\/2024 Mena Guti\u00e9rrez, Mar\u00eda Dolores 02\/12\/2024 Trinidad Guti\u00e9rrez Sanjuan 09\/09\/2025 Familias L\u00f3pez Mart\u00ednez , Noelia ( Representante AMPA) 02\/12\/2024 Bravo Santiago, Francisco Javier [&hellip;]<\/p>\n","protected":false},"author":1,"featured_media":0,"parent":0,"menu_order":0,"comment_status":"closed","ping_status":"closed","template":"","meta":{"footnotes":""},"blocksy_meta":[],"_links":{"self":[{"href":"https:\/\/ceipalcalavenceslada.es\/index.php?rest_route=\/wp\/v2\/pages\/424"}],"collection":[{"href":"https:\/\/ceipalcalavenceslada.es\/index.php?rest_route=\/wp\/v2\/pages"}],"about":[{"href":"https:\/\/ceipalcalavenceslada.es\/index.php?rest_route=\/wp\/v2\/types\/page"}],"author":[{"embeddable":true,"href":"https:\/\/ceipalcalavenceslada.es\/index.php?rest_route=\/wp\/v2\/users\/1"}],"replies":[{"embeddable":true,"href":"https:\/\/ceipalcalavenceslada.es\/index.php?rest_route=%2Fwp%2Fv2%2Fcomments&post=424"}],"version-history":[{"count":20,"href":"https:\/\/ceipalcalavenceslada.es\/index.php?rest_route=\/wp\/v2\/pages\/424\/revisions"}],"predecessor-version":[{"id":2126,"href":"https:\/\/ceipalcalavenceslada.es\/index.php?rest_route=\/wp\/v2\/pages\/424\/revisions\/2126"}],"wp:attachment":[{"href":"https:\/\/ceipalcalavenceslada.es\/index.php?rest_route=%2Fwp%2Fv2%2Fmedia&parent=424"}],"curies":[{"name":"wp","href":"https:\/\/api.w.org\/{rel}","templated":true}]}}