{"id":5,"date":"2023-09-26T12:32:01","date_gmt":"2023-09-26T10:32:01","guid":{"rendered":"https:\/\/ceipalcalavenceslada.es\/?page_id=5"},"modified":"2023-11-30T11:06:10","modified_gmt":"2023-11-30T10:06:10","slug":"ceip-alcala-venceslada","status":"publish","type":"page","link":"https:\/\/ceipalcalavenceslada.es\/","title":{"rendered":"Bienvenidos y bienvenidas al CEIP Alcal\u00e1 Venceslada"},"content":{"rendered":"\n<figure class=\"wp-block-image alignfull size-large\"><img decoding=\"async\" loading=\"lazy\" width=\"1024\" height=\"424\" src=\"https:\/\/ceipalcalavenceslada.es\/wp-content\/uploads\/2023\/11\/WebAlcalaVenceslada_Portada-2-1024x424.png\" alt=\"\" class=\"wp-image-1034\" srcset=\"https:\/\/ceipalcalavenceslada.es\/wp-content\/uploads\/2023\/11\/WebAlcalaVenceslada_Portada-2-1024x424.png 1024w, https:\/\/ceipalcalavenceslada.es\/wp-content\/uploads\/2023\/11\/WebAlcalaVenceslada_Portada-2-300x124.png 300w, https:\/\/ceipalcalavenceslada.es\/wp-content\/uploads\/2023\/11\/WebAlcalaVenceslada_Portada-2-768x318.png 768w, https:\/\/ceipalcalavenceslada.es\/wp-content\/uploads\/2023\/11\/WebAlcalaVenceslada_Portada-2.png 1450w\" sizes=\"(max-width: 1024px) 100vw, 1024px\" \/><\/figure>\n\n\n\n<div class=\"wp-block-group is-nowrap is-layout-flex wp-container-2 wp-block-group-is-layout-flex\">\n<figure class=\"wp-block-image size-large\"><img decoding=\"async\" loading=\"lazy\" width=\"1024\" height=\"75\" src=\"http:\/\/ceipalcalavenceslada.es\/wp-content\/uploads\/2023\/11\/WhatsApp-Image-2023-10-31-at-12.21.14-1024x75.jpeg\" alt=\"\" class=\"wp-image-443\" srcset=\"https:\/\/ceipalcalavenceslada.es\/wp-content\/uploads\/2023\/11\/WhatsApp-Image-2023-10-31-at-12.21.14-1024x75.jpeg 1024w, https:\/\/ceipalcalavenceslada.es\/wp-content\/uploads\/2023\/11\/WhatsApp-Image-2023-10-31-at-12.21.14-300x22.jpeg 300w, https:\/\/ceipalcalavenceslada.es\/wp-content\/uploads\/2023\/11\/WhatsApp-Image-2023-10-31-at-12.21.14-768x56.jpeg 768w, https:\/\/ceipalcalavenceslada.es\/wp-content\/uploads\/2023\/11\/WhatsApp-Image-2023-10-31-at-12.21.14.jpeg 1096w\" sizes=\"(max-width: 1024px) 100vw, 1024px\" \/><\/figure>\n\n\n\n<div style=\"height:100px;width:34px\" aria-hidden=\"true\" class=\"wp-block-spacer wp-container-content-1\"><\/div>\n\n\n\n<figure class=\"wp-block-image size-full is-resized\"><img decoding=\"async\" loading=\"lazy\" width=\"576\" height=\"197\" src=\"http:\/\/ceipalcalavenceslada.es\/wp-content\/uploads\/2023\/11\/WhatsApp-Image-2023-10-31-at-12.21.14-1.jpeg\" alt=\"\" class=\"wp-image-444\" style=\"aspect-ratio:2.9238578680203045;width:175px;height:auto\" srcset=\"https:\/\/ceipalcalavenceslada.es\/wp-content\/uploads\/2023\/11\/WhatsApp-Image-2023-10-31-at-12.21.14-1.jpeg 576w, https:\/\/ceipalcalavenceslada.es\/wp-content\/uploads\/2023\/11\/WhatsApp-Image-2023-10-31-at-12.21.14-1-300x103.jpeg 300w\" sizes=\"(max-width: 576px) 100vw, 576px\" \/><\/figure>\n<\/div>\n\n\n\n<p class=\"has-text-align-center\">Bienvenido\/a al Colegio Alcal\u00e1 Venceslada de Ja\u00e9n. Esta web est\u00e1 actualiz\u00e1ndose, disculpa las molestias. Mientras terminamos, puedes consultar toda nuestra informaci\u00f3n a trav\u00e9s de nuestras redes sociales.<\/p>\n\n\n\n<div style=\"height:20px\" aria-hidden=\"true\" class=\"wp-block-spacer\"><\/div>\n\n\n\n<div class=\"wp-block-group has-palette-color-5-background-color has-background is-vertical is-content-justification-center is-layout-flex wp-container-11 wp-block-group-is-layout-flex\">\n<h3 class=\"wp-block-heading\">Nuestras \u00faltimas novedades<\/h3>\n\n\n\n<div class=\"wp-block-query is-layout-flow wp-block-query-is-layout-flow\"><ul class=\"columns-3 wp-block-post-template is-layout-grid wp-container-9 wp-block-post-template-is-layout-grid\"><li class=\"wp-block-post post-2160 post type-post status-publish format-standard has-post-thumbnail hentry category-novedades\">\n\n<div class=\"wp-block-group is-layout-flow wp-block-group-is-layout-flow\" style=\"padding-top:30px;padding-right:30px;padding-bottom:30px;padding-left:30px\"><h5 class=\"wp-block-post-title\"><a href=\"https:\/\/ceipalcalavenceslada.es\/?p=2160\" target=\"_self\" >23 abril D\u00cdA DEL LIBRO<\/a><\/h5>\n\n<div class=\"wp-block-post-excerpt\"><p class=\"wp-block-post-excerpt__excerpt\"> <\/p><\/div>\n\n<div class=\"wp-block-post-date\"><time datetime=\"2026-04-20T09:10:43+02:00\">20 de April de 2026<\/time><\/div><\/div>\n\n<\/li><li class=\"wp-block-post post-2149 post type-post status-publish format-standard has-post-thumbnail hentry category-novedades\">\n\n<div class=\"wp-block-group is-layout-flow wp-block-group-is-layout-flow\" style=\"padding-top:30px;padding-right:30px;padding-bottom:30px;padding-left:30px\"><h5 class=\"wp-block-post-title\"><a href=\"https:\/\/ceipalcalavenceslada.es\/?p=2149\" target=\"_self\" >JORNADA DE PUERTAS ABIERTAS 26-27<\/a><\/h5>\n\n<div class=\"wp-block-post-excerpt\"><p class=\"wp-block-post-excerpt__excerpt\"> <\/p><\/div>\n\n<div class=\"wp-block-post-date\"><time datetime=\"2026-02-17T13:21:10+01:00\">17 de February de 2026<\/time><\/div><\/div>\n\n<\/li><li class=\"wp-block-post post-2141 post type-post status-publish format-standard has-post-thumbnail hentry category-novedades\">\n\n<div class=\"wp-block-group is-layout-flow wp-block-group-is-layout-flow\" style=\"padding-top:30px;padding-right:30px;padding-bottom:30px;padding-left:30px\">\n\n<div class=\"wp-block-post-excerpt\"><p class=\"wp-block-post-excerpt__excerpt\"> <\/p><\/div>\n\n<div class=\"wp-block-post-date\"><time datetime=\"2025-11-25T10:52:31+01:00\">25 de November de 2025<\/time><\/div><\/div>\n\n<\/li><li class=\"wp-block-post post-2096 post type-post status-publish format-standard has-post-thumbnail hentry category-novedades\">\n\n<div class=\"wp-block-group is-layout-flow wp-block-group-is-layout-flow\" style=\"padding-top:30px;padding-right:30px;padding-bottom:30px;padding-left:30px\"><h5 class=\"wp-block-post-title\"><a href=\"https:\/\/ceipalcalavenceslada.es\/?p=2096\" target=\"_self\" >\u00a1Feliz verano!<\/a><\/h5>\n\n<div class=\"wp-block-post-excerpt\"><p class=\"wp-block-post-excerpt__excerpt\"> <\/p><\/div>\n\n<div class=\"wp-block-post-date\"><time datetime=\"2025-07-01T20:29:28+02:00\">1 de July de 2025<\/time><\/div><\/div>\n\n<\/li><li class=\"wp-block-post post-2091 post type-post status-publish format-standard has-post-thumbnail hentry category-novedades\">\n\n<div class=\"wp-block-group is-layout-flow wp-block-group-is-layout-flow\" style=\"padding-top:30px;padding-right:30px;padding-bottom:30px;padding-left:30px\"><h5 class=\"wp-block-post-title\"><a href=\"https:\/\/ceipalcalavenceslada.es\/?p=2091\" target=\"_self\" >Graduaciones<\/a><\/h5>\n\n<div class=\"wp-block-post-excerpt\"><p class=\"wp-block-post-excerpt__excerpt\">Emocionantes las graduaciones de nuestro alumnado de infantil 5 y 6\u00ba de primaria,\u00a1\u00a1 mucha suerte para la nueva etapa que todos comenz\u00e1is!! <\/p><\/div>\n\n<div class=\"wp-block-post-date\"><time datetime=\"2025-06-21T20:15:00+02:00\">21 de June de 2025<\/time><\/div><\/div>\n\n<\/li><li class=\"wp-block-post post-2088 post type-post status-publish format-standard has-post-thumbnail hentry category-novedades\">\n\n<div class=\"wp-block-group is-layout-flow wp-block-group-is-layout-flow\" style=\"padding-top:30px;padding-right:30px;padding-bottom:30px;padding-left:30px\"><h5 class=\"wp-block-post-title\"><a href=\"https:\/\/ceipalcalavenceslada.es\/?p=2088\" target=\"_self\" >Coro<\/a><\/h5>\n\n<div class=\"wp-block-post-excerpt\"><p class=\"wp-block-post-excerpt__excerpt\">Nuestro reci\u00e9n nacido coro escolar participa en la interpretaci\u00f3n de la obra &#8220;Dos bichos&#8221; junto con otros coros escolares de ja\u00e9n. <\/p><\/div>\n\n<div class=\"wp-block-post-date\"><time datetime=\"2025-06-21T20:09:15+02:00\">21 de June de 2025<\/time><\/div><\/div>\n\n<\/li><\/ul><\/div>\n<\/div>\n\n\n\n<h3 class=\"wp-block-heading has-text-align-center\">Sigue nuestra actividad en redes sociales<\/h3>\n\n\n\n<p class=\"has-text-align-center\">Accede a nuestras redes sociales de Facebook y Youtube para seguir toda la actividad del centro<\/p>\n\n\n\n<div class=\"wp-block-columns is-layout-flex wp-container-14 wp-block-columns-is-layout-flex\">\n<div class=\"wp-block-column is-layout-flow wp-block-column-is-layout-flow\" style=\"flex-basis:100%\">\n<div class=\"wp-block-buttons is-content-justification-center is-layout-flex wp-container-12 wp-block-buttons-is-layout-flex\">\n<div class=\"wp-block-button\"><a class=\"wp-block-button__link wp-element-button\" href=\"https:\/\/www.facebook.com\/ceipalcalavenceslada\/?locale=es_ES\" target=\"_blank\" rel=\"noreferrer noopener\">Facebook<\/a><\/div>\n\n\n\n<div class=\"wp-block-button\"><a class=\"wp-block-button__link wp-element-button\" href=\"https:\/\/www.youtube.com\/@ceipalcalavenceslada7542\" target=\"_blank\" rel=\"noreferrer noopener\">Youtube<\/a><\/div>\n<\/div>\n<\/div>\n<\/div>\n\n\n\n<div style=\"height:60px\" aria-hidden=\"true\" class=\"wp-block-spacer\"><\/div>\n","protected":false},"excerpt":{"rendered":"<p>Bienvenido\/a al Colegio Alcal\u00e1 Venceslada de Ja\u00e9n. Esta web est\u00e1 actualiz\u00e1ndose, disculpa las molestias. Mientras terminamos, puedes consultar toda nuestra informaci\u00f3n a trav\u00e9s de nuestras redes sociales. Nuestras \u00faltimas novedades Sigue nuestra actividad en redes sociales Accede a nuestras redes sociales de Facebook y Youtube para seguir toda la actividad del centro<\/p>\n","protected":false},"author":1,"featured_media":0,"parent":0,"menu_order":0,"comment_status":"closed","ping_status":"closed","template":"","meta":{"footnotes":""},"blocksy_meta":[],"_links":{"self":[{"href":"https:\/\/ceipalcalavenceslada.es\/index.php?rest_route=\/wp\/v2\/pages\/5"}],"collection":[{"href":"https:\/\/ceipalcalavenceslada.es\/index.php?rest_route=\/wp\/v2\/pages"}],"about":[{"href":"https:\/\/ceipalcalavenceslada.es\/index.php?rest_route=\/wp\/v2\/types\/page"}],"author":[{"embeddable":true,"href":"https:\/\/ceipalcalavenceslada.es\/index.php?rest_route=\/wp\/v2\/users\/1"}],"replies":[{"embeddable":true,"href":"https:\/\/ceipalcalavenceslada.es\/index.php?rest_route=%2Fwp%2Fv2%2Fcomments&post=5"}],"version-history":[{"count":24,"href":"https:\/\/ceipalcalavenceslada.es\/index.php?rest_route=\/wp\/v2\/pages\/5\/revisions"}],"predecessor-version":[{"id":1035,"href":"https:\/\/ceipalcalavenceslada.es\/index.php?rest_route=\/wp\/v2\/pages\/5\/revisions\/1035"}],"wp:attachment":[{"href":"https:\/\/ceipalcalavenceslada.es\/index.php?rest_route=%2Fwp%2Fv2%2Fmedia&parent=5"}],"curies":[{"name":"wp","href":"https:\/\/api.w.org\/{rel}","templated":true}]}}

Bienvenidos y bienvenidas al CEIP Alcalá Venceslada

<figure class="wp-block-image alignfull size-large"><img decoding="async" loading="lazy" width="1024" height="424" src="https://ceipalcalavenceslada.es/wp-content/uploads/2023/11/WebAlcalaVenceslada_Portada-2-1024x424.png" alt="" class="wp-image-1034" srcset="https://ceipalcalavenceslada.es/wp-content/uploads/2023/11/WebAlcalaVenceslada_Portada-2-1024x424.png 1024w, https://ceipalcalavenceslada.es/wp-content/uploads/2023/11/WebAlcalaVenceslada_Portada-2-300x124.png 300w, https://ceipalcalavenceslada.es/wp-content/uploads/2023/11/WebAlcalaVenceslada_Portada-2-768x318.png 768w, https://ceipalcalavenceslada.es/wp-content/uploads/2023/11/WebAlcalaVenceslada_Portada-2.png 1450w" sizes="(max-width: 1024px) 100vw, 1024px" /></figure>



<div class="wp-block-group is-nowrap is-layout-flex wp-container-2 wp-block-group-is-layout-flex">
<figure class="wp-block-image size-large"><img decoding="async" loading="lazy" width="1024" height="75" src="http://ceipalcalavenceslada.es/wp-content/uploads/2023/11/WhatsApp-Image-2023-10-31-at-12.21.14-1024x75.jpeg" alt="" class="wp-image-443" srcset="https://ceipalcalavenceslada.es/wp-content/uploads/2023/11/WhatsApp-Image-2023-10-31-at-12.21.14-1024x75.jpeg 1024w, https://ceipalcalavenceslada.es/wp-content/uploads/2023/11/WhatsApp-Image-2023-10-31-at-12.21.14-300x22.jpeg 300w, https://ceipalcalavenceslada.es/wp-content/uploads/2023/11/WhatsApp-Image-2023-10-31-at-12.21.14-768x56.jpeg 768w, https://ceipalcalavenceslada.es/wp-content/uploads/2023/11/WhatsApp-Image-2023-10-31-at-12.21.14.jpeg 1096w" sizes="(max-width: 1024px) 100vw, 1024px" /></figure>



<div style="height:100px;width:34px" aria-hidden="true" class="wp-block-spacer wp-container-content-1"></div>



<figure class="wp-block-image size-full is-resized"><img decoding="async" loading="lazy" width="576" height="197" src="http://ceipalcalavenceslada.es/wp-content/uploads/2023/11/WhatsApp-Image-2023-10-31-at-12.21.14-1.jpeg" alt="" class="wp-image-444" style="aspect-ratio:2.9238578680203045;width:175px;height:auto" srcset="https://ceipalcalavenceslada.es/wp-content/uploads/2023/11/WhatsApp-Image-2023-10-31-at-12.21.14-1.jpeg 576w, https://ceipalcalavenceslada.es/wp-content/uploads/2023/11/WhatsApp-Image-2023-10-31-at-12.21.14-1-300x103.jpeg 300w" sizes="(max-width: 576px) 100vw, 576px" /></figure>
</div>



<p class="has-text-align-center">Bienvenido/a al Colegio Alcalá Venceslada de Jaén. Esta web está actualizándose, disculpa las molestias. Mientras terminamos, puedes consultar toda nuestra información a través de nuestras redes sociales.</p>



<div style="height:20px" aria-hidden="true" class="wp-block-spacer"></div>



<div class="wp-block-group has-palette-color-5-background-color has-background is-vertical is-content-justification-center is-layout-flex wp-container-11 wp-block-group-is-layout-flex">
<h3 class="wp-block-heading">Nuestras últimas novedades</h3>



<div class="wp-block-query is-layout-flow wp-block-query-is-layout-flow"><ul class="columns-3 wp-block-post-template is-layout-grid wp-container-9 wp-block-post-template-is-layout-grid"><li class="wp-block-post post-2160 post type-post status-publish format-standard has-post-thumbnail hentry category-novedades">

<div class="wp-block-group is-layout-flow wp-block-group-is-layout-flow" style="padding-top:30px;padding-right:30px;padding-bottom:30px;padding-left:30px"><h5 class="wp-block-post-title"><a href="https://ceipalcalavenceslada.es/?p=2160" target="_self" >23 abril DÍA DEL LIBRO</a></h5>

<div class="wp-block-post-excerpt"><p class="wp-block-post-excerpt__excerpt"> </p></div>

<div class="wp-block-post-date"><time datetime="2026-04-20T09:10:43+02:00">20 de April de 2026</time></div></div>

</li><li class="wp-block-post post-2149 post type-post status-publish format-standard has-post-thumbnail hentry category-novedades">

<div class="wp-block-group is-layout-flow wp-block-group-is-layout-flow" style="padding-top:30px;padding-right:30px;padding-bottom:30px;padding-left:30px"><h5 class="wp-block-post-title"><a href="https://ceipalcalavenceslada.es/?p=2149" target="_self" >JORNADA DE PUERTAS ABIERTAS 26-27</a></h5>

<div class="wp-block-post-excerpt"><p class="wp-block-post-excerpt__excerpt"> </p></div>

<div class="wp-block-post-date"><time datetime="2026-02-17T13:21:10+01:00">17 de February de 2026</time></div></div>

</li><li class="wp-block-post post-2141 post type-post status-publish format-standard has-post-thumbnail hentry category-novedades">

<div class="wp-block-group is-layout-flow wp-block-group-is-layout-flow" style="padding-top:30px;padding-right:30px;padding-bottom:30px;padding-left:30px">

<div class="wp-block-post-excerpt"><p class="wp-block-post-excerpt__excerpt"> </p></div>

<div class="wp-block-post-date"><time datetime="2025-11-25T10:52:31+01:00">25 de November de 2025</time></div></div>

</li><li class="wp-block-post post-2096 post type-post status-publish format-standard has-post-thumbnail hentry category-novedades">

<div class="wp-block-group is-layout-flow wp-block-group-is-layout-flow" style="padding-top:30px;padding-right:30px;padding-bottom:30px;padding-left:30px"><h5 class="wp-block-post-title"><a href="https://ceipalcalavenceslada.es/?p=2096" target="_self" >¡Feliz verano!</a></h5>

<div class="wp-block-post-excerpt"><p class="wp-block-post-excerpt__excerpt"> </p></div>

<div class="wp-block-post-date"><time datetime="2025-07-01T20:29:28+02:00">1 de July de 2025</time></div></div>

</li><li class="wp-block-post post-2091 post type-post status-publish format-standard has-post-thumbnail hentry category-novedades">

<div class="wp-block-group is-layout-flow wp-block-group-is-layout-flow" style="padding-top:30px;padding-right:30px;padding-bottom:30px;padding-left:30px"><h5 class="wp-block-post-title"><a href="https://ceipalcalavenceslada.es/?p=2091" target="_self" >Graduaciones</a></h5>

<div class="wp-block-post-excerpt"><p class="wp-block-post-excerpt__excerpt">Emocionantes las graduaciones de nuestro alumnado de infantil 5 y 6º de primaria,¡¡ mucha suerte para la nueva etapa que todos comenzáis!! </p></div>

<div class="wp-block-post-date"><time datetime="2025-06-21T20:15:00+02:00">21 de June de 2025</time></div></div>

</li><li class="wp-block-post post-2088 post type-post status-publish format-standard has-post-thumbnail hentry category-novedades">

<div class="wp-block-group is-layout-flow wp-block-group-is-layout-flow" style="padding-top:30px;padding-right:30px;padding-bottom:30px;padding-left:30px"><h5 class="wp-block-post-title"><a href="https://ceipalcalavenceslada.es/?p=2088" target="_self" >Coro</a></h5>

<div class="wp-block-post-excerpt"><p class="wp-block-post-excerpt__excerpt">Nuestro recién nacido coro escolar participa en la interpretación de la obra &#8220;Dos bichos&#8221; junto con otros coros escolares de jaén. </p></div>

<div class="wp-block-post-date"><time datetime="2025-06-21T20:09:15+02:00">21 de June de 2025</time></div></div>

</li></ul></div>
</div>



<h3 class="wp-block-heading has-text-align-center">Sigue nuestra actividad en redes sociales</h3>



<p class="has-text-align-center">Accede a nuestras redes sociales de Facebook y Youtube para seguir toda la actividad del centro</p>



<div class="wp-block-columns is-layout-flex wp-container-14 wp-block-columns-is-layout-flex">
<div class="wp-block-column is-layout-flow wp-block-column-is-layout-flow" style="flex-basis:100%">
<div class="wp-block-buttons is-content-justification-center is-layout-flex wp-container-12 wp-block-buttons-is-layout-flex">
<div class="wp-block-button"><a class="wp-block-button__link wp-element-button" href="https://www.facebook.com/ceipalcalavenceslada/?locale=es_ES" target="_blank" rel="noreferrer noopener">Facebook</a></div>



<div class="wp-block-button"><a class="wp-block-button__link wp-element-button" href="https://www.youtube.com/@ceipalcalavenceslada7542" target="_blank" rel="noreferrer noopener">Youtube</a></div>
</div>
</div>
</div>



<div style="height:60px" aria-hidden="true" class="wp-block-spacer"></div>

<p>Bienvenido/a al Colegio Alcalá Venceslada de Jaén. Esta web está actualizándose, disculpa las molestias. Mientras terminamos, puedes consultar toda nuestra información a través de nuestras redes sociales. Nuestras últimas novedades Sigue nuestra actividad en redes sociales Accede a nuestras redes sociales de Facebook y Youtube para seguir toda la actividad del centro</p>
