{"id":93,"date":"2023-10-17T19:45:31","date_gmt":"2023-10-17T17:45:31","guid":{"rendered":"https:\/\/ceipalcalavenceslada.es\/?page_id=93"},"modified":"2023-12-21T09:09:57","modified_gmt":"2023-12-21T08:09:57","slug":"informacion","status":"publish","type":"page","link":"https:\/\/ceipalcalavenceslada.es\/?page_id=93","title":{"rendered":"Informaci\u00f3n"},"content":{"rendered":"\n<div class=\"wp-block-group has-border-color has-palette-color-8-background-color has-background is-vertical is-layout-flex wp-container-5 wp-block-group-is-layout-flex\" style=\"border-color:#664588;border-width:5px;border-radius:10px\">\n<h2 class=\"wp-block-heading\">Informaci\u00f3n<\/h2>\n\n\n\n<div class=\"wp-block-columns is-layout-flex wp-container-3 wp-block-columns-is-layout-flex\" style=\"margin-top:0;margin-bottom:0;padding-right:0;padding-left:0\">\n<div class=\"wp-block-column is-layout-flow wp-block-column-is-layout-flow\">\n<h4 class=\"wp-block-heading\">Datos<\/h4>\n\n\n\n<p>CEIP Alcal\u00e1 Venceslada<br>C\/ Eras de Bel\u00e9n, n\u00ba 7<br>23003, Ja\u00e9n (Espa\u00f1a)<br><strong>Tel\u00e9fono:<\/strong> 953 36 68 87&nbsp; &nbsp; &nbsp; &nbsp;&nbsp;<strong>Fax: <\/strong>953 36 68 89<br><strong>E-Mail:<\/strong>&nbsp;<a href=\"mailto:23002085.edu@juntadeandalucia.es\">23002085.edu@juntadeandalucia.es<\/a><br><strong>Web:<\/strong> www.ceipalcalavenceslada.com<br><strong>Centro de Profesorado asociado: <\/strong>CEP Ja\u00e9n<br><strong>Facebook:<\/strong> www.facebook.com\/ceipalcalavenvescalada<br><strong>Twitter: <\/strong>@CeipAVenceslada<\/p>\n<\/div>\n\n\n\n<div class=\"wp-block-column is-layout-flow wp-block-column-is-layout-flow\">\n<h4 class=\"wp-block-heading\">Localizaci\u00f3n:<\/h4>\n\n\n\n<iframe src=\"https:\/\/www.google.com\/maps\/embed?pb=!1m18!1m12!1m3!1d3153.828090042572!2d-3.788083324407948!3d37.77062891239922!2m3!1f0!2f0!3f0!3m2!1i1024!2i768!4f13.1!3m3!1m2!1s0xd6dd70abf61dd1d%3A0x936dc33f8c451033!2sCEIP%20Alcal%C3%A1%20Venceslada!5e0!3m2!1ses!2ses!4v1697793970292!5m2!1ses!2ses\" width=\"400\" height=\"300\" style=\"border:0;\" allowfullscreen=\"\" loading=\"lazy\" referrerpolicy=\"no-referrer-when-downgrade\"><\/iframe>\n<\/div>\n<\/div>\n\n\n\n<div style=\"height:0px\" aria-hidden=\"true\" class=\"wp-block-spacer wp-container-content-4\"><\/div>\n\n\n\n<p>Nuestro colegio debe su nombre a Antonio Alcal\u00e1 Venceslada (And\u00fajar, 1883-Ja\u00e9n, 1955): Fue escritor, poeta, profesor, archivero, pero, sobre todo, fil\u00f3logo y costumbrista de la gracia andaluza. Hizo el bachiller en M\u00e1laga y en Ja\u00e9n y simultane\u00f3 los estudios de Derecho y Filosof\u00eda y Letras en Granada y en Sevilla. En 1.915, por oposici\u00f3n, ingres\u00f3 en el Cuerpo de Archiveros, Bibliotecarios y Arque\u00f3logos. Pas\u00f3 por los Archivos de la Universidad de Santiago de Compostela y las Delegaciones de Hacienda de C\u00e1diz, Huelva y Ja\u00e9n.<br>Fue profesor del Instituto \u00abVirgen del Carmen\u00bb, de Ja\u00e9n. Personaje entra\u00f1able de la vida de Ja\u00e9n frecuent\u00f3 los c\u00edrculos culturales y fue un maestro de la cultura popular. Fue primer teniente de alcalde de Ja\u00e9n y varias veces alcalde accidental y perteneci\u00f3 al Instituto de Estudios Jienenses. Escribi\u00f3 muchos libros. Su obra m\u00e1s importante es el \u00abVocabulario Andaluz\u00bb, publicado en 1.934, premiado entonces por la Real Academia Espa\u00f1ola de la Lengua con diez mil pesetas. Se han hecho varias ediciones y la \u00faltima por la Universidad de Ja\u00e9n y Cajasur, con estudio preliminar de Ignacio Ahumada (edici\u00f3n de 1.998).<br>En sus obras \u00abDe la Solera fina\u00bb (Ja\u00e9n, 1.925) y \u00abLa Flor de la Canela\u00bb (And\u00fajar, 1.946) volc\u00f3 Alcal\u00e1 Venceslada sus hondos saberes sobre nuestra tierra. Nos dej\u00f3 una gran producci\u00f3n po\u00e9tica destacan do sus f\u00e1bulas publicadas recientemente por la Diputaci\u00f3n de Ja\u00e9n con un juicio critico de Manuel Urbano. Para Alfonso de Urquijo Alcal\u00e1 Venceslada, gran conocedor de los toros, las faenas del campo, las saetas, los villancicos y la caza, \u00abAntonio Alcal\u00e1 fue el poeta montero de Espa\u00f1a\u00bb. Una calle y un Colegio de Ja\u00e9n llevan su nombre, que tambi\u00e9n est\u00e1 en el callejero de And\u00fajar.<\/p>\n<\/div>\n","protected":false},"excerpt":{"rendered":"<p>Informaci\u00f3n Datos CEIP Alcal\u00e1 VencesladaC\/ Eras de Bel\u00e9n, n\u00ba 723003, Ja\u00e9n (Espa\u00f1a)Tel\u00e9fono: 953 36 68 87&nbsp; &nbsp; &nbsp; &nbsp;&nbsp;Fax: 953 36 68 89E-Mail:&nbsp;23002085.edu@juntadeandalucia.esWeb: www.ceipalcalavenceslada.comCentro de Profesorado asociado: CEP Ja\u00e9nFacebook: www.facebook.com\/ceipalcalavenvescaladaTwitter: @CeipAVenceslada Localizaci\u00f3n: Nuestro colegio debe su nombre a Antonio Alcal\u00e1 Venceslada (And\u00fajar, 1883-Ja\u00e9n, 1955): Fue escritor, poeta, profesor, archivero, pero, sobre todo, fil\u00f3logo y costumbrista [&hellip;]<\/p>\n","protected":false},"author":1,"featured_media":0,"parent":0,"menu_order":0,"comment_status":"closed","ping_status":"closed","template":"","meta":{"footnotes":""},"blocksy_meta":[],"_links":{"self":[{"href":"https:\/\/ceipalcalavenceslada.es\/index.php?rest_route=\/wp\/v2\/pages\/93"}],"collection":[{"href":"https:\/\/ceipalcalavenceslada.es\/index.php?rest_route=\/wp\/v2\/pages"}],"about":[{"href":"https:\/\/ceipalcalavenceslada.es\/index.php?rest_route=\/wp\/v2\/types\/page"}],"author":[{"embeddable":true,"href":"https:\/\/ceipalcalavenceslada.es\/index.php?rest_route=\/wp\/v2\/users\/1"}],"replies":[{"embeddable":true,"href":"https:\/\/ceipalcalavenceslada.es\/index.php?rest_route=%2Fwp%2Fv2%2Fcomments&post=93"}],"version-history":[{"count":16,"href":"https:\/\/ceipalcalavenceslada.es\/index.php?rest_route=\/wp\/v2\/pages\/93\/revisions"}],"predecessor-version":[{"id":1080,"href":"https:\/\/ceipalcalavenceslada.es\/index.php?rest_route=\/wp\/v2\/pages\/93\/revisions\/1080"}],"wp:attachment":[{"href":"https:\/\/ceipalcalavenceslada.es\/index.php?rest_route=%2Fwp%2Fv2%2Fmedia&parent=93"}],"curies":[{"name":"wp","href":"https:\/\/api.w.org\/{rel}","templated":true}]}}